 r = n + m. What is the tens digit of r?
2
Let u be (-4)/7*11 - (-2)/7. Let n(l) be the third derivative of l**6/120 + l**5/10 - l**4/6 + 5*l**3/6 + 2*l**2. What is the tens digit of n(u)?
2
Suppose -5*z - 63 = -6*o + 2*o, 3*o - 24 = -4*z. Let m be (-20)/6*o/(-8). Suppose -2*v + m*v - 177 = -3*t, -t - 2*v + 61 = 0. What is the tens digit of t?
5
Let p be 12/(-66) + (-27)/33. Let q(l) = 39*l**2 + 3*l + 2. What is the tens digit of q(p)?
3
Suppose 2*z = -5*i + 3790, -5*z - 4*i + 5539 = -3919. What is the hundreds digit of z?
8
Let h(o) = -7*o + 70. What is the units digit of h(4)?
2
Suppose 2744 = 7*g - 12600. What is the units digit of g?
2
Let s = -700 - -1534. What is the units digit of s?
4
Suppose 0*p + 4*z = -4*p + 1904, 3*p - 4*z - 1449 = 0. What is the units digit of p?
9
Let t(k) be the third derivative of k**6/120 - k**5/15 + k**4/6 - k**3/6 + 2*k**2. Let x be t(6). Suppose -6*z = -z - x. What is the units digit of z?
9
Let w(a) = 3*a**2 - 45*a - 69. Let o(h) = -h**2 + 15*h + 23. Let m(v) = -11*o(v) - 4*w(v). Let g be m(16). Suppose 78 = g*p - 20. What is the tens digit of p?
1
Let x(l) = l**3 + 7*l**2 - 6*l + 8. Let i be x(-8). Let n(o) = o - 1. Let a(k) = 7*k + 1. Let f(g) = -a(g) + n(g). What is the tens digit of f(i)?
4
Let g = 48 - 46. Suppose -252 = -g*n - 2*s, 0 = -4*n - 0*n + 4*s + 480. What is the hundreds digit of n?
1
Suppose 6913 = 5*u - 2*p, -5*u - 7*p = -4*p - 6918. What is the hundreds digit of u?
3
Suppose -j + 1 + 4 = 0. Suppose -4*m + 3*m + 4*a = -31, -5*m = -j*a - 185. What is the units digit of (-12)/(-30) + m/15?
3
Suppose -36 + 6 = -5*u. What is the units digit of u?
6
Suppose 57 = 5*b + 47. Suppose -m - 2*m = -18. Suppose m*t - b*t = 52. What is the tens digit of t?
1
Let o be (32 - 2)/(3/56). Suppose -2*h = 3*s - 4*h - o, 3*h - 382 = -2*s. What is the tens digit of s?
8
Let j(v) = -v**3 - 5*v**2 - v + 2. Let p(l) = 4*l**2 - 1. Let c(n) = n - 7. Let b be c(4). Let h(k) = b*p(k) - 2*j(k). What is the units digit of h(1)?
1
Let g be (-12)/96 + (-21090)/(-16). Suppose 0 = -4*b - 242 + g. What is the units digit of b?
9
Suppose 0 = 26*j - 24*j + 10, -5*n - 3*j = -610. What is the units digit of n?
5
Let l(i) = -7*i - 24. Let u be l(-2). What is the hundreds digit of (-14490)/(-75) + (-8)/u?
1
Suppose 5*v - 4*v - 15 = 0. Suppose -v = -4*h - h. What is the tens digit of 35 + h/(-3) + -1?
3
Let h(p) = -2*p - 41. Let q be h(-23). Let x(d) = 10*d**2 - 10*d + 25. What is the hundreds digit of x(q)?
2
Let w(x) = 5*x - 1. Let s be w(1). Let c(f) = -f**3 - 26*f**2 + 29*f + 62. Let g be c(-27). What is the units digit of (g - s)*(-13)/(-4)?
3
Let h(o) = -2*o + 1. Let k be h(-5). Suppose -k = 5*i - 2*a, -4*i - 3 = -3*a + 3. What is the units digit of ((-144)/28)/(i/14)?
4
Let l(x) = 5*x**2 - 5*x - 16. Let r(p) = -4*p**2 + 5*p + 15. Let y(j) = -2*l(j) - 3*r(j). What is the units digit of y(-5)?
2
Let l(a) = -111*a**3 + a**2 - 18*a - 40. What is the thousands digit of l(-3)?
3
Let t be 14/(1/(-5)*-5). Let z(u) = -u**2 + 15*u + 19. What is the tens digit of z(t)?
3
Let d be (-332)/(-15) - 2/15. Suppose -204 = d*n - 26*n. What is the units digit of n?
1
Suppose 70*o - 28509 = 57*o. What is the thousands digit of o?
2
Suppose -2*w - 5*w + 7 = 0. What is the units digit of (-3 + 4)/(396/(-399) + w)?
3
Let d = 208 + 648. What is the units digit of d?
6
Suppose 23 = 2*t - 5*b, 0*t = 4*t + 5*b - 1. Suppose -3*v - 2*z + 60 - 10 = 0, 5*z + 82 = t*v. What is the tens digit of v?
1
Let o(d) = -9*d**3 - 34*d**2 - 11*d + 46. Let y(b) = -4*b**3 - 17*b**2 - 5*b + 23. Let c(s) = -3*o(s) + 7*y(s). What is the tens digit of c(-17)?
5
Let x(t) = -t**3 - 47*t**2 + 21*t - 126. What is the hundreds digit of x(-48)?
1
Suppose -3*i = 11*v - 7*v - 3789, -5*v + 2533 = 2*i. What is the thousands digit of i?
1
Let a(j) = -j**3 - 3*j**2 + 16*j + 50. What is the hundreds digit of a(-12)?
1
Let b = -9 + 4. Let n be (-7)/(-21) + b/(-3). Suppose -d - 5*m = 1, -2*m - n*m = -4*d + 20. What is the units digit of d?
4
Suppose 4*o - 3 - 5 = 0. Let h(u) = u**2 - 19*u - 4. Let b be h(20). Suppose 26 = o*x - b. What is the tens digit of x?
2
Let p(f) = -2*f**2 + 15*f - 3. Let j be p(6). Suppose 5*h - j = -0*h. Suppose -46 + 13 = -h*i. What is the tens digit of i?
1
Suppose -3*v = -0 + 6. Suppose l - 6 = 2*g - 2, -2*g - 8 = 0. What is the units digit of l + (3 - v) + 4?
5
Suppose -18 = -6*i + 168. Suppose -5*z - 4*v = 34, -z = 5*v - 0 - 10. Let t = z + i. What is the tens digit of t?
2
Let o = 46 - 19. Let p be -6*(-9)/(o/28). Suppose -13 - p = -3*t. What is the tens digit of t?
2
Let n = -1915 - -3338. What is the thousands digit of n?
1
Let i(m) = m**3 - 4*m**2 - 5*m + 3. Let d be i(5). Suppose 3*b - y - 9 = -0*y, 5*y + 21 = d*b. What is the units digit of b/9 - (-852)/54?
6
Let f be (-27)/45 + 4/(60/39). Suppose 0 = 3*g - 5 - 7, 0 = f*i - g - 364. What is the hundreds digit of i?
1
Let n(v) = 71*v**2 - 20*v + 202. What is the hundreds digit of n(6)?
6
Let b = 4 + -6. Let y be (0 + b)*36/(-8). Suppose 5*d - 11 = y. What is the units digit of d?
4
Let w(j) = j**2 - 3*j + 185. Let f be w(0). Let c = f - 74. What is the tens digit of c?
1
What is the hundreds digit of -1 + -2 + (4 - -113)?
1
Suppose 0*w = -2*w + 6. Suppose 7 = w*g + 1. Suppose g*z = 5*z - 6. What is the units digit of z?
2
Suppose 3*n - 57 = -2*m + 5, -5*n + 5*m = -120. Let d be 2028/n + 18/(-99). Let p = d + -36. What is the units digit of p?
6
Let d be (5/(-15))/(3/(-63)) + -3. Suppose -d*k - k = -215. What is the tens digit of k?
4
Suppose -p + 68 = -4*y, -y - 5*p = 2*y + 74. What is the units digit of (-182)/y + 1/(-9)?
0
Let t be (8 + -6)/(4/(-14)). Let h be (-540)/7 + (-1)/t. Let o = -37 - h. What is the tens digit of o?
4
Let r = 566 + -343. What is the tens digit of r?
2
Suppose -y + 213 - 150 = 0. What is the tens digit of y?
6
Let h(q) = 8*q**2 - 2*q + 1 + 2 + 0*q + 0*q. What is the units digit of h(5)?
3
Let d = 1668 + 1222. What is the thousands digit of d?
2
Suppose b = 2*b - 5, -3*o - 31 = -5*b. Let f(c) = -17*c - 3. Let v be f(o). Suppose 0 = 5*l - v + 6. What is the units digit of l?
5
Let w(y) = 2*y**2 + 6*y - 5. Let l be w(-4). Let d(a) = 0*a + a**l - 11*a**2 + 0*a**3 - a + 4*a - 7. What is the units digit of d(11)?
6
Let y(s) = s**3 + s**2 - s - 13. Let a be y(5). Let g = 30 - 10. Suppose 16*m + a = g*m. What is the tens digit of m?
3
Let l(q) be the third derivative of -q**6/60 - q**5/30 - q**3/3 + q**2. Let w be l(-2). Suppose -w*b = -8*b + 22. What is the tens digit of b?
1
Let t(g) = g**3 + 7*g**2 + 9*g + 5. Let d be t(-7). Let m = d - -98. Suppose 3*x - 26 = m. What is the units digit of x?
2
Suppose -5*d - 4*x + 1418 = 0, -5*d - 3*x = -2*d - 849. What is the units digit of d?
6
Suppose 52 = -7*k + 262. Suppose 5*o - 2*c - 159 = -1730, -3*o - 953 = 4*c. What is the tens digit of o/k*48/(-14)?
3
What is the tens digit of (-2 - -95)*(-1 + 3 + -1)?
9
Let g = -76 - -51. What is the tens digit of 12/(3 + 0) - g?
2
Let b be (4/(-5))/(-2) - (-115)/25. Suppose z - 1218 = -b*z. What is the tens digit of z?
0
Suppose 4*l = -q + 791, -2*q = 94*l - 97*l + 596. What is the units digit of l?
8
Let y be -1*(-1 - (-16)/(-2)). Suppose y*a = 7*a - 6. What is the units digit of ((-1)/a)/(2/222)?
7
Let h(t) = 7*t**2 - 9*t - 57. Let b(s) = 3*s**2 - 5*s - 28. Let n(x) = 5*b(x) - 2*h(x). What is the units digit of n(-8)?
4
Let v = 17 + -8. Suppose 155 = -v*g + 1001. What is the tens digit of g?
9
Let o(l) = -2*l**3 + 2*l + 1. Let k be o(2). Let v = -17 - k. What is the units digit of -1*v/(-4)*-20?
0
Suppose 0*u - 9 = m + 2*u, -5*u = -4*m - 62. Let n(y) = -8*y - 40. What is the tens digit of n(m)?
6
Let q(v) = 12*v + 7. Let w(f) = -6*f**2 - 5*f. Let o(y) = 7*y**2 + 6*y + 1. Let n(p) = -5*o(p) - 6*w(p). Let s be n(3). What is the units digit of q(s)?
5
Suppose 6*n - 8*n - 84 = 0. Suppose -4*q - 364 = 4*d, -2*q - d = -6*d + 154. Let p = n - q. What is the units digit of p?
5
Suppose -412 - 4571 = -33*d. What is the hundreds digit of d?
1
Let i be (2 - (-484)/16) + 2/(-8). Suppose 34*z - i*z - 134 = 0. What is the units digit of z?
7
Let u = -36 + 10. What is the tens digit of ((-10)/(-4))/((-1)/u)?
6
Suppose -610 = 4*a - 6034. What is the thousands digit of a?
1
Suppose 3*a = -5 - 1. Suppose -5*u + 50